- 4?
6
Calculate 17 + (0 + 5 - 5) - (16 + -18).
19
What is the value of (-3 - 5) + -2 + -1 + -1 + 3?
-9
What is 15 + -9 + (-5 - (-15 + (12 - 4)))?
8
Evaluate (5 - (18 + (-5 - 3))) + -6.
-11
Evaluate -34 - -27 - -7 - 27.
-27
What is the value of -3 - -1 - (-53 - (22 - 44))?
29
What is 0 + -8 - (24 + -12 + -7)?
-13
What is the value of (127 - 119) + (3 - (-1 - -1))?
11
Calculate -11 - (7 + (-2 - 10) - 3).
-3
Calculate -5 + (-38 - -36) + 15.
8
Calculate 4 - (18 + -6) - 2.
-10
Calculate 4 + 0 + -18 - (-1 + -35).
22
What is the value of -11 + 20 + 11 + -19 + 6?
7
Calculate (5 + 3 + 2 - 44) + 12.
-22
(-4 + -7 - -8) + (5 - -7) + 0
9
Evaluate 7 - (18 + -21 - -3).
7
What is the value of -2 + (9 - -2) - (10 - -4)?
-5
Calculate -5 + (-17 - -12) + (-6 - -51 - 0).
35
What is the value of 5 + (14 - 0 - (-14 + -2 + 9))?
26
Calculate (-6 - -19 - -1) + (3 + 3 - 1).
19
What is the value of 2 + -17 + (-14 + 29 - 10)?
-10
What is 22 + -13 + 1 + (2 - -7) - -3?
22
Evaluate 12 + -6 + (-4 - (1 - -3)) + 4.
2
Calculate (16 + -22 - -32) + -37.
-11
Evaluate 9 - (5 - (-3 - -16)) - (-5 - 2).
24
What is -17 + (25 - (-13 - (-7 + -17)))?
-3
What is the value of (-6 - -13) + (-12 - (-4 + -2))?
1
What is the value of -2 + (-2 + 4 - 7 - (69 - 94))?
18
Calculate -2 + (5 + -9 - ((-5 - -6) + -11)).
4
Evaluate 27 - (84 - 84 - (0 - 2)).
25
7 + (0 - 1 - (-3 + 21 - 18))
6
Calculate 11 + (-16 - (-2 + -14)) + (6 - 1).
16
Calculate 16 + -6 - 12 - (0 - 7).
5
Calculate (2 - -1) + (63 - 72) + 0.
-6
(-1 - (2 - 8)) + (10 - 2) + -13
0
(-4 - 4) + 34 + -31
-5
What is (-9 - (2 - 10) - 9) + 12?
2
Calculate 1 + (28 - 26) + 2 + 5.
10
Evaluate -43 - (-45 + 1 + 5).
-4
What is the value of 8 + -21 + (15 - -4)?
6
What is the value of -11 - (-13 + (12 - 3) + 0) - 0?
-7
What is the value of (-5 - -16) + -86 + 67?
-8
What is the value of 14 + -43 + 15 - (-8 + 14)?
-20
(223 - 233) + -1 + 24
13
What is 1 + 12 + -23 + 2?
-8
What is -3 + 0 + 4 - 1?
0
(-24 - -31) + (0 - 0) + 1
8
What is 9 + 7 - (28 + -20)?
8
Evaluate -1 + 21 + -5 + 25 + -34.
6
Calculate 25 + -8 - 24 - -3.
-4
-3 - (-5 + (5 - -3) + -7)
1
Calculate -6 + (4 - 5) + (-6 - (-2 + 6)).
-17
What is the value of 29 + (-16 - -29 - 17) + -5?
20
Evaluate -7 + 0 + 8 + -47 + 29.
-17
-5 - ((-23 - -32) + -2 + 3)
-15
What is the value of 3 + (5 - (2 - -9) - 7) + -8?
-18
What is the value of (-3 - (-7 + 23)) + (7 - 0)?
-12
Calculate (14 + 15 - 17) + 1.
13
What is -4 + -14 + 46 - (5 + (5 - -2))?
16
Evaluate (3 + 2 + -6 - 1) + 70 + -110.
-42
What is -1 + (-8 - 1 - -21) + 6?
17
What is the value of 28 + -46 + 28 + -7?
3
Evaluate -3 + -7 + -2 + 2 + 6.
-4
What is the value of 16 + (1 - -13) + 68 + -75?
23
Calculate (-18 - 2) + (-49 - -56) + 49.
36
-5 + 13 + -4 + -12 + (-7 - -5)
-10
What is (7 - (19 - 1)) + 9?
-2
Evaluate (22 - -42) + -28 - 19.
17
Evaluate -11 + -9 + 6 - -8.
-6
Evaluate 23 + (-1 - (4 - -12)).
6
What is 15 - (8 + -2 - -8)?
1
What is the value of -10 + -2 + 0 + 22 + -10?
0
What is (1 + -2 - 2) + 124 + -118?
3
What is the value of (0 - -8 - 0) + (1052 - 1044)?
16
-1 - (-2 - -7) - (16 - (38 + -23))
-7
What is -1 - ((8 - -9) + -8)?
-10
Evaluate (-12 - -10 - (-4 - (-2 - 5))) + -5.
-10
Calculate (-14 - (3 - 1)) + (-272 - -271).
-17
(0 - (6 + -2)) + -185 + 190
1
What is -40 + 33 - (2 + 0) - 3?
-12
What is 2 + (12 - (0 - -6)) - 9?
-1
What is the value of -2 + -2 + -1 + 7 + -4?
-2
Calculate (0 - -1 - (44 - 33)) + 25.
15
Evaluate 2 + -2 + -8 + (0 - 6) + -9.
-23
Calculate 3 - ((34 - -2) + (-34 - -30)).
-29
Calculate 7 + -4 + 12 - 8 - 15 - -4.
-4
Evaluate -541 + 543 + -1 + 2 + -2 + 2.
3
Calculate 101 - 91 - ((-3 - -2) + 7).
4
What is the value of (-12 - -24) + 2 + -5 + (-1 - -4)?
12
Evaluate 3 - (18 + (-3 - (-6 + 2 + -2))).
-18
What is (-46 - -51) + (0 + 0 - (12 + -3))?
-4
What is (0 - (-9 - -5 - (0 + -1))) + -10?
-7
-17 + 3 + (20 - (5 - -4))
-3
(-247 + 241 - ((-13 - 1) + 2)) + -3
3
7 - 44 - (122 - 171)
12
What is the value of (-2 - -3) + -1 + (-39 - -36)?
-3
What is the value of -3 + 2 + (5 - 3 - 11)?
-10
What is -2 + 1 + 18 - 43?
-26
-43 + 93 + -7 - 39
4
Evaluate (-6 - 8) + (18 - 10).
-6
(5 - 4 - -2 - 7) + -15
-19
12 + (-4 + -6 + -9 - 6)
-13
(135 - 148) + 13 + 3 + -1
2
What is 14 - (-9 + -3 + 7 + -11)?
30
Evaluate 20 + (-12 - 1) - 20.
-13
What is (-10 - 20 - -35) + 2 + -14?
-7
Calculate 15 - -1 - (22 + 13 + -19).
0
What is the value of -28 + 9 + 0 + 7?
-12
What is the value of -1 + 59 + -531 + 498?
25
Evaluate 6 + (3 - 0 - 0) - (13 - -4).
-8
-7 - (3 - (1 - (-5 - -2) - 4))
-10
What is the value of 7 + -23 + 9 + -2?
-9
What is the value of -4 + 6 + -11 + 12 + -4 + -14?
-15
Evaluate (-2 - 0) + 0 + -1 - (-16 + 1).
12
What is the value of (-26 - (-2 - 18)) + 10?
4
Evaluate 58 - 72 - (11 - 1).
-24
Evaluate 7 + 0 + -9 + (6 - 3).
1
Calculate -15 + 3 + -1 - (-6 + 6).
-13
(7 - (-6 - -3)) + -9 + -6
-5
-1 - (-7 - (19 + -13))
12
-15 + -1 + (308 - 305)
-13
What is the value of 118 + -149 - (1 + -19)?
-13
-22 + (1 - 0) + (8 - (-9 - -10))
-14
What is (1 + 1 - (17 + -18)) + (3 - -3)?
9
What is the value of -3 + 3 + (5 - ((10 - -8) + 4))?
-17
24 - (1 - 0 - (-15 - -6))
14
What is -23 - (-1 - -24 - 51)?
5
-29 + (22 - 3) - (0 + (-1 - -3))
-12
Calculate (3 - 8 - -8) + (4 - (0 - -3)).
4
Calculate ((6 - 22) + 3 - -8) + 1 + -13.
-17
What is (-28 - -26) + 2 + -2 + 5?
3
Evaluate (-8 - -3 - (-30 + 34)) + 7.
-2
What is the value of 6 - (0 - -1) - (23 + -15 - 0)?
-3
What is (48 - 86) + (-23 - -25)?
-36
What is the value of 0 - 6 - ((-17 - (-3 - 5)) + 5)?
-2
(-8 - -2) + 69 + -72 + -13
-22
-70 + 58 + (-5 - -5 - -9)
-3
What is (-51 - -24 - -24) + 29?
26
0 + -20 - (-1500 + 1457)
23
What is -3 - ((2 - (9 + -8)) + -6)?
2
What is -2 + 11 - (9 - (23 - 8))?
15
-24 + 3 - -1 - -4
-16
What is (-531 - -546) + (-36 - -2)?
-19
Evaluate -13 - (41 + 31 + -79).
-6
What is 3 + 6 + 2 + -4 + -2 + 1?
6
Evaluate -4 - (12 + (10 - (7 + -2)) - -3).
-24
Evaluate 0 - (-32 + 2 - -11).
19
Evaluate -8 + 11 + -8 + 3.
-2
What is (5 - (7 + 4 + 2 + -8)) + -6?
-6
What is the value of -26 + 29 - (3 + (11 - 9))?
-2
What is the value of 184 - 185 - (-6 + -1 + -1) - -8?
15
Calculate -18 + 16 + (-6 - (-6 + -22 - 7)).
27
What is the value of -4 - -2 - 2 - 5?
-9
What is -171 - -183 - (21 - 0)?
-9
Evaluate 30 + 0 - (2 + 23 + (-185 - -170)).
20
What is the value of (-8 - -29) + -35 - 4?
-18
What is 7 - (20 + -18) - (13 + -2) - 20?
-26
What is the value of (-51 - -38) + -25 - (-9 + 0)?
-29
What is 3 + 5 + -6 + 14 - (7 + -1)?
10
27 + -46 - (7 + -5)
-21
What is the value of -7 + -11 + (27 - 18) + -21?
-30
Calculate (10 - 2) + 2 + -2 + (8 - 9).
7
What is 3 + (-15 - 1) - (277 + -325)?
35
8 + (-31 - (-3 + (-4 - -5) + 5))
-26
-8 + (-4 + 9 + -4 - -5)
-2
(10 - 11) + 2 + (-1 - 1) + -1
-2
Evaluate -2 - (-4 + 1 - (10 - 0)).
11
Evaluate 9 - -2 - (-45 + 16 + 31).
9
What is -22 + (28 - -23) - 15?
14
Evaluate (58 + -26 - 38) + (0 - -4) + 11.
9
Calculate 16 + (-1 - 0) + (1 - 2).
14
What is the value of 12 + (5 - ((-3 - -6) + (6 - 6)))?
14
What is the value of (29 + 20 + -48 - (-46 + 1)) + -10?
36
What is -6 - (-1 + (17 - 14))?
-8
Calculate 1 - (-6 + (7 + 0 - (-162 + 149))).
-13
Calculate 0 + -23 + 4 + -5 + -8 + 9.
-23
4 - (-23 - 2) - 0 - (-44 + 54)
19
Evaluate 221 + -211 + 2 + -5 + -14.
-7
What is the value of 2 - (-12 - 1) - -5 - (40 - 32)?
12
Evaluate 15 - 1 - ((-2 - -3) + 0 + 0).
13
Calculate 0 - -19 - (76 - 75).
18
Calculate (-34 - 0) + 177 + -173.
-30
What is the value of -715 + 699 + (1 - -1)?
-14
Evaluate 3 + (-3 - 0) - (-1 + 4 + -7).
4
What is 2 + (-4 - -5 - -5) + -15 + 2?
-5
Evaluate 4 + -1 + 12 + -10 + -5.
0
Evaluate -179 + 200 - (4 + 1).
16
-10 + -14 + -11 + 31
-4
2 - -14 - (-20 + 28) - (4 + -11)
15
What is the value of (-3 - (-27 + -5)) + 4?
33
What is the value of 4 + -4 + -1 + -1?
-2
8 - (-4 - (9 + -4 - 6))
11
Evaluate -9 + 10 + 20 + -19.
2
Evaluate 15 - (2 + 7) - 20.
-14
Evaluate -3 + 15 + -31 - 10.
-29
What is the value of 46 + (-17 + 8 + -4 - 4)?
29
Evaluate 0 + 22 - 33 - (4 - 8 - 42).
35
What is -6 - (6 + (-4 - -4 - (-1 - -2)))?
-11
Evaluate 27 - (-1 - (-11 - 28)).
-11
((-3 - (-6 - -6)) + 9 - 5) + -5
-4
What is (0 - -6) + -200 + 212?
18
Evaluate 13 - 13 - -5 - (16 - 0).
-11
What is -26 - -39 - (11 + (-2 - (-4 + 6)))?
6
296 + -304 + (2 + 20 - -1)
15
Calculate (-1 - -2 - (5 + -8)) + 0 - 7.
-3
-5 - ((7 - 1) + (-14 - 6)) - 22
-13
Evalua